{"id":490,"date":"2025-04-29T22:35:58","date_gmt":"2025-04-29T22:35:58","guid":{"rendered":"https:\/\/franciscopontes.com\/?page_id=490"},"modified":"2025-05-22T15:25:48","modified_gmt":"2025-05-22T15:25:48","slug":"sobre","status":"publish","type":"page","link":"https:\/\/galamacaronesia.com\/index.php\/sobre\/","title":{"rendered":"Sobre"},"content":{"rendered":"\n<div class=\"wp-block-group has-global-padding is-layout-constrained wp-container-core-group-is-layout-2e68b163 wp-block-group-is-layout-constrained\" style=\"margin-top:var(--wp--preset--spacing--40);margin-bottom:var(--wp--preset--spacing--40);padding-top:0;padding-right:0;padding-bottom:0;padding-left:0\">\n<div class=\"wp-block-columns alignwide are-vertically-aligned-center is-layout-flex wp-container-core-columns-is-layout-e0e4babd wp-block-columns-is-layout-flex\" style=\"padding-right:0;padding-left:0\">\n<div class=\"wp-block-column is-vertically-aligned-center is-layout-flow wp-block-column-is-layout-flow\">\n<div class=\"wp-block-group has-global-padding is-layout-constrained wp-block-group-is-layout-constrained\">\n<div class=\"wp-block-group alignfull is-vertical is-content-justification-center is-layout-flex wp-container-core-group-is-layout-b6c1f246 wp-block-group-is-layout-flex\">\n<div class=\"wp-block-group is-style-default has-contrast-background-color has-background has-global-padding is-layout-constrained wp-container-core-group-is-layout-8f39493d wp-block-group-is-layout-constrained\" style=\"border-radius:16px;margin-top:0;margin-bottom:0;padding-top:var(--wp--preset--spacing--40);padding-right:var(--wp--preset--spacing--40);padding-bottom:var(--wp--preset--spacing--40);padding-left:var(--wp--preset--spacing--40)\"><h1 style=\"text-align: center;color: #1B1B1B;font-size: 38px;letter-spacing: 0px;text-transform: None;font-family: Roboto Slab;font-weight: Normal;line-height: 46px\" class=\"ub_advanced_heading wp-block-ub-advanced-heading\" id=\"ub-advanced-heading-8e3c6285-d831-4cb8-95f8-8d49e5a66922\" data-blockid=\"8e3c6285-d831-4cb8-95f8-8d49e5a66922\">Bilhetes<\/h1>\n\n\n<div style=\"height:10px\" aria-hidden=\"true\" class=\"wp-block-spacer\"><\/div>\n\n\n\n<p>Poder\u00e1 comprar <strong>bilhetes no dia<\/strong> (dependendo da lota\u00e7\u00e3o), ou poder\u00e1 comprar <strong>bilhetes antecipadamente<\/strong>.<\/p>\n\n\n\n<figure class=\"wp-block-table is-style-stripes\"><table class=\"has-base-color has-text-color has-link-color has-fixed-layout\"><thead><tr><th class=\"has-text-align-center\" data-align=\"center\">Tipo<\/th><th class=\"has-text-align-center\" data-align=\"center\">Pre\u00e7o<\/th><\/tr><\/thead><tbody><tr><td class=\"has-text-align-center\" data-align=\"center\">Compra no dia<\/td><td class=\"has-text-align-center\" data-align=\"center\">15\u20ac<\/td><\/tr><tr><td class=\"has-text-align-center\" data-align=\"center\">Antecipado (1 dia)<\/td><td class=\"has-text-align-center\" data-align=\"center\">10\u20ac<\/td><\/tr><tr><td class=\"has-text-align-center\" data-align=\"center\">Antecipado (2 dias)<\/td><td class=\"has-text-align-center\" data-align=\"center\">15\u20ac<\/td><\/tr><\/tbody><\/table><\/figure>\n<\/div>\n<\/div>\n<\/div>\n<\/div>\n\n\n\n<div class=\"wp-block-column is-layout-flow wp-block-column-is-layout-flow\">\n<div class=\"wp-block-group has-global-padding is-layout-constrained wp-block-group-is-layout-constrained\">\n<div class=\"wp-block-group is-vertical is-content-justification-center is-layout-flex wp-container-core-group-is-layout-ce155fab wp-block-group-is-layout-flex\">\n<div class=\"wp-block-group is-style-default has-contrast-background-color has-background has-global-padding is-layout-constrained wp-container-core-group-is-layout-8f39493d wp-block-group-is-layout-constrained\" style=\"border-radius:16px;margin-top:0;margin-bottom:0;padding-top:var(--wp--preset--spacing--40);padding-right:var(--wp--preset--spacing--40);padding-bottom:var(--wp--preset--spacing--40);padding-left:var(--wp--preset--spacing--40)\"><h1 style=\"text-align: center;color: #1B1B1B;font-size: 38px;letter-spacing: 0px;text-transform: None;font-family: Roboto Slab;font-weight: Normal;line-height: 46px\" class=\"ub_advanced_heading wp-block-ub-advanced-heading\" id=\"ub-advanced-heading-940b49f7-2868-4142-abbe-dee8c9502209\" data-blockid=\"940b49f7-2868-4142-abbe-dee8c9502209\">Aluguer de mesas<\/h1>\n\n\n<div style=\"height:10px\" aria-hidden=\"true\" class=\"wp-block-spacer\"><\/div>\n\n\n\n<p>Poder\u00e1 alugar uma mesa com <strong>vista pr\u00f3xima do ringue<\/strong> e <strong>jantar inclu\u00eddo<\/strong> para os ocupantes.<\/p>\n\n\n\n<p>As mesas s\u00f3 <strong>estar\u00e3o dispon\u00edveis <\/strong>para o <strong>dia 31<\/strong>.<\/p>\n\n\n\n<div style=\"height:10px\" aria-hidden=\"true\" class=\"wp-block-spacer\"><\/div>\n\n\n\n<figure class=\"wp-block-table is-style-stripes\"><table class=\"has-base-color has-text-color has-link-color has-fixed-layout\"><thead><tr><th class=\"has-text-align-center\" data-align=\"center\">Ocupa\u00e7\u00e3o<\/th><th class=\"has-text-align-center\" data-align=\"center\">Pre\u00e7o<\/th><\/tr><\/thead><tbody><tr><td class=\"has-text-align-center\" data-align=\"center\">3 Pessoas<\/td><td class=\"has-text-align-center\" data-align=\"center\">200\u20ac<\/td><\/tr><tr><td class=\"has-text-align-center\" data-align=\"center\">5 Pessoas<\/td><td class=\"has-text-align-center\" data-align=\"center\">300\u20ac<\/td><\/tr><\/tbody><\/table><\/figure>\n<\/div>\n<\/div>\n<\/div>\n<\/div>\n<\/div>\n<\/div>\n\n\n\n<div class=\"wp-block-group has-global-padding is-layout-constrained wp-block-group-is-layout-constrained\">\n<div class=\"wp-block-columns alignwide is-layout-flex wp-container-core-columns-is-layout-28f84493 wp-block-columns-is-layout-flex\">\n<div class=\"wp-block-column is-vertically-aligned-center is-layout-flow wp-block-column-is-layout-flow\">\n<div id=\"info\" class=\"wp-block-group is-style-default has-contrast-background-color has-background has-global-padding is-layout-constrained wp-container-core-group-is-layout-d5d53815 wp-block-group-is-layout-constrained\" style=\"border-radius:16px;margin-top:0;margin-bottom:0;padding-top:var(--wp--preset--spacing--30);padding-right:var(--wp--preset--spacing--30);padding-bottom:var(--wp--preset--spacing--30);padding-left:var(--wp--preset--spacing--30)\"><h1 style=\"text-align: center;color: #1B1B1B;font-size: 38px;letter-spacing: 0px;text-transform: None;font-family: Roboto Slab;font-weight: Normal;line-height: 38px\" class=\"ub_advanced_heading wp-block-ub-advanced-heading\" id=\"ub-advanced-heading-b4931dda-c883-45c7-a770-110222af95b2\" data-blockid=\"b4931dda-c883-45c7-a770-110222af95b2\">Hor\u00e1rio<\/h1>\n\n\n<div style=\"height:10px\" aria-hidden=\"true\" class=\"wp-block-spacer\"><\/div>\n\n\n\n<div class=\"wp-block-columns is-layout-flex wp-container-core-columns-is-layout-28f84493 wp-block-columns-is-layout-flex\">\n<div class=\"wp-block-column is-vertically-aligned-center is-layout-flow wp-block-column-is-layout-flow\" style=\"flex-basis:66.66%\">\n<p class=\"has-text-align-center\">O evento come\u00e7ar\u00e1 e acabar\u00e1 por volta das mesmas horas em ambos os dias.<\/p>\n<\/div>\n\n\n\n<div class=\"wp-block-column is-vertically-aligned-center is-layout-flow wp-block-column-is-layout-flow\" style=\"flex-basis:33.33%\">\n<div class=\"wp-block-group has-global-padding is-content-justification-center is-layout-constrained wp-container-core-group-is-layout-88249be7 wp-block-group-is-layout-constrained\" style=\"padding-right:var(--wp--preset--spacing--30);padding-left:var(--wp--preset--spacing--30)\"><h1 style=\"text-align: center;color: #1B1B1B;font-size: 32px;letter-spacing: 0px;text-transform: None;, serif;font-weight: Normal;line-height: 38px\" class=\"ub_advanced_heading wp-block-ub-advanced-heading\" id=\"ub-advanced-heading-cd620e79-83aa-4b91-bc19-acfb2ab63687\" data-blockid=\"cd620e79-83aa-4b91-bc19-acfb2ab63687\">19h &#8211; 00h<\/h1><\/div>\n<\/div>\n<\/div>\n<\/div>\n<\/div>\n\n\n\n<div class=\"wp-block-column is-vertically-aligned-center is-layout-flow wp-block-column-is-layout-flow\">\n<div class=\"wp-block-group has-global-padding is-layout-constrained wp-block-group-is-layout-constrained\" style=\"min-height:500px\">\n<iframe src=\"https:\/\/www.google.com\/maps\/embed?pb=!1m18!1m12!1m3!1d2242.249158166339!2d-16.915505062102685!3d32.64406678676834!2m3!1f0!2f0!3f0!3m2!1i1024!2i768!4f13.1!3m3!1m2!1s0xc605f096e863899%3A0x9cb97692e55f8ac7!2sPra%C3%A7a%20CR7!5e0!3m2!1spt-PT!2spt!4v1745966014374!5m2!1spt-PT!2spt\" width=\"100%\" height=\"500\" style=\"border:0;\" allowfullscreen=\"\" loading=\"lazy\" referrerpolicy=\"no-referrer-when-downgrade\"><\/iframe>\n<\/div>\n<\/div>\n<\/div>\n<\/div>\n","protected":false},"excerpt":{"rendered":"<p>Poder\u00e1 comprar bilhetes no dia (dependendo da lota\u00e7\u00e3o), ou poder\u00e1 comprar bilhetes antecipadamente. Tipo Pre\u00e7o Compra no dia 15\u20ac Antecipado (1 dia) 10\u20ac Antecipado (2 dias) 15\u20ac Poder\u00e1 alugar uma mesa com vista pr\u00f3xima do ringue e jantar inclu\u00eddo para os ocupantes. As mesas s\u00f3 estar\u00e3o dispon\u00edveis para o dia 31. Ocupa\u00e7\u00e3o Pre\u00e7o 3 Pessoas [&hellip;]<\/p>\n","protected":false},"author":2,"featured_media":0,"parent":0,"menu_order":0,"comment_status":"closed","ping_status":"closed","template":"page-no-title","meta":{"ub_ctt_via":"","footnotes":""},"class_list":["post-490","page","type-page","status-publish","hentry"],"featured_image_src":null,"_links":{"self":[{"href":"https:\/\/galamacaronesia.com\/index.php\/wp-json\/wp\/v2\/pages\/490","targetHints":{"allow":["GET"]}}],"collection":[{"href":"https:\/\/galamacaronesia.com\/index.php\/wp-json\/wp\/v2\/pages"}],"about":[{"href":"https:\/\/galamacaronesia.com\/index.php\/wp-json\/wp\/v2\/types\/page"}],"author":[{"embeddable":true,"href":"https:\/\/galamacaronesia.com\/index.php\/wp-json\/wp\/v2\/users\/2"}],"replies":[{"embeddable":true,"href":"https:\/\/galamacaronesia.com\/index.php\/wp-json\/wp\/v2\/comments?post=490"}],"version-history":[{"count":69,"href":"https:\/\/galamacaronesia.com\/index.php\/wp-json\/wp\/v2\/pages\/490\/revisions"}],"predecessor-version":[{"id":621,"href":"https:\/\/galamacaronesia.com\/index.php\/wp-json\/wp\/v2\/pages\/490\/revisions\/621"}],"wp:attachment":[{"href":"https:\/\/galamacaronesia.com\/index.php\/wp-json\/wp\/v2\/media?parent=490"}],"curies":[{"name":"wp","href":"https:\/\/api.w.org\/{rel}","templated":true}]}}